{"id":1042,"date":"2020-09-16T12:17:38","date_gmt":"2020-09-16T12:17:38","guid":{"rendered":"https:\/\/xn--rotulosydiseo-tkb.es\/?page_id=1042"},"modified":"2020-09-16T12:36:18","modified_gmt":"2020-09-16T12:36:18","slug":"laminas-de-proteccion-solar","status":"publish","type":"page","link":"https:\/\/rotulosydise\u00f1o.es\/home\/laminas-de-proteccion-solar","title":{"rendered":"L\u00c1MINAS DE PROTECCI\u00d3N SOLAR"},"content":{"rendered":"\t\t<div data-elementor-type=\"wp-page\" data-elementor-id=\"1042\" class=\"elementor elementor-1042\" data-elementor-settings=\"[]\">\n\t\t\t\t\t\t<div class=\"elementor-inner\">\n\t\t\t\t\t\t\t<div class=\"elementor-section-wrap\">\n\t\t\t\t\t\t\t<section class=\"elementor-section elementor-top-section elementor-element elementor-element-aba88bb elementor-section-boxed elementor-section-height-default elementor-section-height-default\" data-id=\"aba88bb\" data-element_type=\"section\">\n\t\t\t\t\t\t<div class=\"elementor-container elementor-column-gap-default\">\n\t\t\t\t\t\t\t<div class=\"elementor-row\">\n\t\t\t\t\t<div class=\"elementor-column elementor-col-100 elementor-top-column elementor-element elementor-element-313d053\" data-id=\"313d053\" data-element_type=\"column\">\n\t\t\t<div class=\"elementor-column-wrap elementor-element-populated\">\n\t\t\t\t\t\t\t<div class=\"elementor-widget-wrap\">\n\t\t\t\t\t\t<div class=\"elementor-element elementor-element-7ef6149 elementor-widget elementor-widget-image\" data-id=\"7ef6149\" data-element_type=\"widget\" data-widget_type=\"image.default\">\n\t\t\t\t<div class=\"elementor-widget-container\">\n\t\t\t\t\t<div class=\"elementor-image\">\n\t\t\t\t\t\t\t\t\t\t<img width=\"1024\" height=\"427\" src=\"https:\/\/rotulosydise\u00f1o.es\/wp-content\/uploads\/2020\/06\/home-2-1024x427.jpg\" class=\"attachment-large size-large\" alt=\"lamina solar\" loading=\"lazy\" srcset=\"https:\/\/rotulosydise\u00f1o.es\/wp-content\/uploads\/2020\/06\/home-2-1024x427.jpg 1024w, https:\/\/rotulosydise\u00f1o.es\/wp-content\/uploads\/2020\/06\/home-2-300x125.jpg 300w, https:\/\/rotulosydise\u00f1o.es\/wp-content\/uploads\/2020\/06\/home-2-768x320.jpg 768w, https:\/\/rotulosydise\u00f1o.es\/wp-content\/uploads\/2020\/06\/home-2-1536x640.jpg 1536w, https:\/\/rotulosydise\u00f1o.es\/wp-content\/uploads\/2020\/06\/home-2.jpg 1920w\" sizes=\"(max-width: 1024px) 100vw, 1024px\" \/>\t\t\t\t\t\t\t\t\t\t\t<\/div>\n\t\t\t\t<\/div>\n\t\t\t\t<\/div>\n\t\t\t\t\t\t<\/div>\n\t\t\t\t\t<\/div>\n\t\t<\/div>\n\t\t\t\t\t\t\t\t<\/div>\n\t\t\t\t\t<\/div>\n\t\t<\/section>\n\t\t\t\t<section class=\"elementor-section elementor-top-section elementor-element elementor-element-460f12f elementor-section-boxed elementor-section-height-default elementor-section-height-default\" data-id=\"460f12f\" data-element_type=\"section\">\n\t\t\t\t\t\t<div class=\"elementor-container elementor-column-gap-default\">\n\t\t\t\t\t\t\t<div class=\"elementor-row\">\n\t\t\t\t\t<div class=\"elementor-column elementor-col-100 elementor-top-column elementor-element elementor-element-36f97b1\" data-id=\"36f97b1\" data-element_type=\"column\">\n\t\t\t<div class=\"elementor-column-wrap\">\n\t\t\t\t\t\t\t<div class=\"elementor-widget-wrap\">\n\t\t\t\t\t\t\t\t<\/div>\n\t\t\t\t\t<\/div>\n\t\t<\/div>\n\t\t\t\t\t\t\t\t<\/div>\n\t\t\t\t\t<\/div>\n\t\t<\/section>\n\t\t\t\t<section class=\"elementor-section elementor-top-section elementor-element elementor-element-4405ab9 elementor-section-boxed elementor-section-height-default elementor-section-height-default\" data-id=\"4405ab9\" data-element_type=\"section\" data-settings=\"{&quot;background_background&quot;:&quot;classic&quot;}\">\n\t\t\t\t\t\t<div class=\"elementor-container elementor-column-gap-default\">\n\t\t\t\t\t\t\t<div class=\"elementor-row\">\n\t\t\t\t\t<div class=\"elementor-column elementor-col-100 elementor-top-column elementor-element elementor-element-f34acc1\" data-id=\"f34acc1\" data-element_type=\"column\">\n\t\t\t<div class=\"elementor-column-wrap elementor-element-populated\">\n\t\t\t\t\t\t\t<div class=\"elementor-widget-wrap\">\n\t\t\t\t\t\t<div class=\"elementor-element elementor-element-5e996fd elementor-widget elementor-widget-heading\" data-id=\"5e996fd\" data-element_type=\"widget\" data-widget_type=\"heading.default\">\n\t\t\t\t<div class=\"elementor-widget-container\">\n\t\t\t<h2 class=\"elementor-heading-title elementor-size-default\">L\u00e1minas de protecci\u00f3n solar<\/h2>\t\t<\/div>\n\t\t\t\t<\/div>\n\t\t\t\t\t\t<\/div>\n\t\t\t\t\t<\/div>\n\t\t<\/div>\n\t\t\t\t\t\t\t\t<\/div>\n\t\t\t\t\t<\/div>\n\t\t<\/section>\n\t\t\t\t<section class=\"elementor-section elementor-top-section elementor-element elementor-element-fde9b4a elementor-section-boxed elementor-section-height-default elementor-section-height-default\" data-id=\"fde9b4a\" data-element_type=\"section\">\n\t\t\t\t\t\t<div class=\"elementor-container elementor-column-gap-default\">\n\t\t\t\t\t\t\t<div class=\"elementor-row\">\n\t\t\t\t\t<div class=\"elementor-column elementor-col-100 elementor-top-column elementor-element elementor-element-06017bb\" data-id=\"06017bb\" data-element_type=\"column\">\n\t\t\t<div class=\"elementor-column-wrap\">\n\t\t\t\t\t\t\t<div class=\"elementor-widget-wrap\">\n\t\t\t\t\t\t\t\t<\/div>\n\t\t\t\t\t<\/div>\n\t\t<\/div>\n\t\t\t\t\t\t\t\t<\/div>\n\t\t\t\t\t<\/div>\n\t\t<\/section>\n\t\t\t\t<section class=\"elementor-section elementor-top-section elementor-element elementor-element-077d7b9 elementor-section-boxed elementor-section-height-default elementor-section-height-default\" data-id=\"077d7b9\" data-element_type=\"section\">\n\t\t\t\t\t\t<div class=\"elementor-container elementor-column-gap-default\">\n\t\t\t\t\t\t\t<div class=\"elementor-row\">\n\t\t\t\t\t<div class=\"elementor-column elementor-col-50 elementor-top-column elementor-element elementor-element-26f81bd\" data-id=\"26f81bd\" data-element_type=\"column\">\n\t\t\t<div class=\"elementor-column-wrap elementor-element-populated\">\n\t\t\t\t\t\t\t<div class=\"elementor-widget-wrap\">\n\t\t\t\t\t\t<div class=\"elementor-element elementor-element-f70131a elementor-widget elementor-widget-image\" data-id=\"f70131a\" data-element_type=\"widget\" data-widget_type=\"image.default\">\n\t\t\t\t<div class=\"elementor-widget-container\">\n\t\t\t\t\t<div class=\"elementor-image\">\n\t\t\t\t\t\t\t\t\t\t<img width=\"700\" height=\"467\" src=\"https:\/\/rotulosydise\u00f1o.es\/wp-content\/uploads\/2020\/07\/solar-1.jpg\" class=\"attachment-large size-large\" alt=\"control solar\" loading=\"lazy\" srcset=\"https:\/\/rotulosydise\u00f1o.es\/wp-content\/uploads\/2020\/07\/solar-1.jpg 700w, https:\/\/rotulosydise\u00f1o.es\/wp-content\/uploads\/2020\/07\/solar-1-300x200.jpg 300w\" sizes=\"(max-width: 700px) 100vw, 700px\" \/>\t\t\t\t\t\t\t\t\t\t\t<\/div>\n\t\t\t\t<\/div>\n\t\t\t\t<\/div>\n\t\t\t\t\t\t<\/div>\n\t\t\t\t\t<\/div>\n\t\t<\/div>\n\t\t\t\t<div class=\"elementor-column elementor-col-50 elementor-top-column elementor-element elementor-element-fdb5205\" data-id=\"fdb5205\" data-element_type=\"column\">\n\t\t\t<div class=\"elementor-column-wrap elementor-element-populated\">\n\t\t\t\t\t\t\t<div class=\"elementor-widget-wrap\">\n\t\t\t\t\t\t<div class=\"elementor-element elementor-element-ba81b76 elementor-widget elementor-widget-heading\" data-id=\"ba81b76\" data-element_type=\"widget\" data-widget_type=\"heading.default\">\n\t\t\t\t<div class=\"elementor-widget-container\">\n\t\t\t<h2 class=\"elementor-heading-title elementor-size-default\">L\u00e1minas de control solar, antigraffiti y seguridad.\n<\/h2>\t\t<\/div>\n\t\t\t\t<\/div>\n\t\t\t\t<div class=\"elementor-element elementor-element-7e9ca07 elementor-widget elementor-widget-text-editor\" data-id=\"7e9ca07\" data-element_type=\"widget\" data-widget_type=\"text-editor.default\">\n\t\t\t\t<div class=\"elementor-widget-container\">\n\t\t\t\t\t<div class=\"elementor-text-editor elementor-clearfix\"><p><strong>R\u00d3TULOS Y DISE\u00d1O<\/strong>\u00a0es una \u00a0empresa dedicada a Instalaci\u00f3n de L\u00e1minas de Control Solar, Seguridad, L\u00e1minas Antivand\u00e1licas, y \u00a0Antidecoloraci\u00f3n para Escaparates, Edifici\u00f3s, Ofcinas, Naves, Locales, Chalets, Lucernarios, Pisos, Terazas, Techos de cristal, Policarbanatos, Metacrilato, Claraboyas. Vinillos Decorativos y Restauraci\u00f3n de Cristales.<\/p><\/div>\n\t\t\t\t<\/div>\n\t\t\t\t<\/div>\n\t\t\t\t\t\t<\/div>\n\t\t\t\t\t<\/div>\n\t\t<\/div>\n\t\t\t\t\t\t\t\t<\/div>\n\t\t\t\t\t<\/div>\n\t\t<\/section>\n\t\t\t\t<section class=\"elementor-section elementor-top-section elementor-element elementor-element-8101168 elementor-section-boxed elementor-section-height-default elementor-section-height-default\" data-id=\"8101168\" data-element_type=\"section\">\n\t\t\t\t\t\t<div class=\"elementor-container elementor-column-gap-default\">\n\t\t\t\t\t\t\t<div class=\"elementor-row\">\n\t\t\t\t\t<div class=\"elementor-column elementor-col-100 elementor-top-column elementor-element elementor-element-b33228d\" data-id=\"b33228d\" data-element_type=\"column\">\n\t\t\t<div class=\"elementor-column-wrap\">\n\t\t\t\t\t\t\t<div class=\"elementor-widget-wrap\">\n\t\t\t\t\t\t\t\t<\/div>\n\t\t\t\t\t<\/div>\n\t\t<\/div>\n\t\t\t\t\t\t\t\t<\/div>\n\t\t\t\t\t<\/div>\n\t\t<\/section>\n\t\t\t\t<section class=\"elementor-section elementor-top-section elementor-element elementor-element-8b94451 elementor-section-boxed elementor-section-height-default elementor-section-height-default\" data-id=\"8b94451\" data-element_type=\"section\">\n\t\t\t\t\t\t<div class=\"elementor-container elementor-column-gap-wide\">\n\t\t\t\t\t\t\t<div class=\"elementor-row\">\n\t\t\t\t\t<div class=\"elementor-column elementor-col-50 elementor-top-column elementor-element elementor-element-7afd7a8\" data-id=\"7afd7a8\" data-element_type=\"column\">\n\t\t\t<div class=\"elementor-column-wrap elementor-element-populated\">\n\t\t\t\t\t\t\t<div class=\"elementor-widget-wrap\">\n\t\t\t\t\t\t<div class=\"elementor-element elementor-element-f67be80 elementor-widget elementor-widget-text-editor\" data-id=\"f67be80\" data-element_type=\"widget\" data-widget_type=\"text-editor.default\">\n\t\t\t\t<div class=\"elementor-widget-container\">\n\t\t\t\t\t<div class=\"elementor-text-editor elementor-clearfix\"><p class=\"rteBlock\">Trabajamos con distribuidores \u00a0de l\u00e1minas importadas de alta calidad y duraci\u00f3n de hasta 10 a\u00f1os de garantia, haciendo peque\u00f1os, medianos y grandes proyectos, solucionando los problemas que le causen sus cristales, ventanales, escaparates, \u00a0con L\u00e1minas de protecci\u00f3n Solar y de Seguridad, de una manera f\u00e1cil r\u00e1pida y econ\u00f3mica.<\/p><p class=\"rteBlock\">Para una mayor responsabilidad \u00a0disponemos de todos los cursos de altura y plataformas elevadoras, \u00a0medios auxiliares, (gondolas, andamios, escaleras) y formaci\u00f3n constante \u00a0en prevenci\u00f3n de riesgos laborales.<\/p><\/div>\n\t\t\t\t<\/div>\n\t\t\t\t<\/div>\n\t\t\t\t\t\t<\/div>\n\t\t\t\t\t<\/div>\n\t\t<\/div>\n\t\t\t\t<div class=\"elementor-column elementor-col-50 elementor-top-column elementor-element elementor-element-cea3d68\" data-id=\"cea3d68\" data-element_type=\"column\">\n\t\t\t<div class=\"elementor-column-wrap elementor-element-populated\">\n\t\t\t\t\t\t\t<div class=\"elementor-widget-wrap\">\n\t\t\t\t\t\t<div class=\"elementor-element elementor-element-20a6403 elementor-widget elementor-widget-heading\" data-id=\"20a6403\" data-element_type=\"widget\" data-widget_type=\"heading.default\">\n\t\t\t\t<div class=\"elementor-widget-container\">\n\t\t\t<h2 class=\"elementor-heading-title elementor-size-default\">Ofrecemos Soluciones para:<\/h2>\t\t<\/div>\n\t\t\t\t<\/div>\n\t\t\t\t<div class=\"elementor-element elementor-element-b683a6b elementor-widget elementor-widget-text-editor\" data-id=\"b683a6b\" data-element_type=\"widget\" data-widget_type=\"text-editor.default\">\n\t\t\t\t<div class=\"elementor-widget-container\">\n\t\t\t\t\t<div class=\"elementor-text-editor elementor-clearfix\"><p class=\"rteBlock\">&#8211; L\u00e1minas de Protecci\u00f3n Solar y Ahorro Energ\u00e9tico<\/p><p class=\"rteBlock\">&#8211; L\u00e1minas de Seguridad\u00a0<\/p><p class=\"rteBlock\">&#8211; L\u00e1minas \u00a0Antigraffiti<\/p><p class=\"rteBlock\">&#8211; L\u00e1minas Contra la Decoloraci\u00f3n<\/p><p class=\"rteBlock\">&#8211; Imagen Corporativa<\/p><p class=\"rteBlock\">&#8211; Dise\u00f1o Gr\u00e1fico<\/p><p class=\"rteBlock\">&#8211; Impresi\u00f3n Digital\u00a0<\/p><p class=\"rteBlock\"><strong>&#8211;\u00a0<\/strong>Vinilo Decorativo<\/p><p class=\"rteBlock\">&#8211; Restauraci\u00f3n de Cristales<\/p><\/div>\n\t\t\t\t<\/div>\n\t\t\t\t<\/div>\n\t\t\t\t\t\t<\/div>\n\t\t\t\t\t<\/div>\n\t\t<\/div>\n\t\t\t\t\t\t\t\t<\/div>\n\t\t\t\t\t<\/div>\n\t\t<\/section>\n\t\t\t\t<section class=\"elementor-section elementor-top-section elementor-element elementor-element-079d532 elementor-section-boxed elementor-section-height-default elementor-section-height-default\" data-id=\"079d532\" data-element_type=\"section\">\n\t\t\t\t\t\t<div class=\"elementor-container elementor-column-gap-default\">\n\t\t\t\t\t\t\t<div class=\"elementor-row\">\n\t\t\t\t\t<div class=\"elementor-column elementor-col-100 elementor-top-column elementor-element elementor-element-633b407\" data-id=\"633b407\" data-element_type=\"column\">\n\t\t\t<div class=\"elementor-column-wrap\">\n\t\t\t\t\t\t\t<div class=\"elementor-widget-wrap\">\n\t\t\t\t\t\t\t\t<\/div>\n\t\t\t\t\t<\/div>\n\t\t<\/div>\n\t\t\t\t\t\t\t\t<\/div>\n\t\t\t\t\t<\/div>\n\t\t<\/section>\n\t\t\t\t<section class=\"elementor-section elementor-top-section elementor-element elementor-element-7a19506 elementor-section-boxed elementor-section-height-default elementor-section-height-default\" data-id=\"7a19506\" data-element_type=\"section\">\n\t\t\t\t\t\t<div class=\"elementor-container elementor-column-gap-default\">\n\t\t\t\t\t\t\t<div class=\"elementor-row\">\n\t\t\t\t\t<div class=\"elementor-column elementor-col-100 elementor-top-column elementor-element elementor-element-ed01917\" data-id=\"ed01917\" data-element_type=\"column\">\n\t\t\t<div class=\"elementor-column-wrap elementor-element-populated\">\n\t\t\t\t\t\t\t<div class=\"elementor-widget-wrap\">\n\t\t\t\t\t\t<div class=\"elementor-element elementor-element-7aa8cfd elementor-widget-divider--separator-type-pattern elementor-widget-divider--view-line elementor-widget elementor-widget-divider\" data-id=\"7aa8cfd\" data-element_type=\"widget\" data-widget_type=\"divider.default\">\n\t\t\t\t<div class=\"elementor-widget-container\">\n\t\t\t\t\t<div class=\"elementor-divider\" style=\"--divider-pattern-url: url(&quot;data:image\/svg+xml,%3Csvg xmlns=&#039;http:\/\/www.w3.org\/2000\/svg&#039; preserveAspectRatio=&#039;none&#039; overflow=&#039;visible&#039; height=&#039;100%&#039; viewBox=&#039;0 0 20 16&#039; fill=&#039;none&#039; stroke=&#039;black&#039; stroke-width=&#039;1&#039; stroke-linecap=&#039;square&#039; stroke-miterlimit=&#039;10&#039;%3E%3Cg transform=&#039;translate(-12.000000, 0)&#039;%3E%3Cpath d=&#039;M28,0L10,18&#039;\/%3E%3Cpath d=&#039;M18,0L0,18&#039;\/%3E%3Cpath d=&#039;M48,0L30,18&#039;\/%3E%3Cpath d=&#039;M38,0L20,18&#039;\/%3E%3C\/g%3E%3C\/svg%3E&quot;);\">\n\t\t\t<span class=\"elementor-divider-separator\">\n\t\t\t\t\t\t<\/span>\n\t\t<\/div>\n\t\t\t\t<\/div>\n\t\t\t\t<\/div>\n\t\t\t\t\t\t<\/div>\n\t\t\t\t\t<\/div>\n\t\t<\/div>\n\t\t\t\t\t\t\t\t<\/div>\n\t\t\t\t\t<\/div>\n\t\t<\/section>\n\t\t\t\t<section class=\"elementor-section elementor-top-section elementor-element elementor-element-9a18de1 elementor-section-boxed elementor-section-height-default elementor-section-height-default\" data-id=\"9a18de1\" data-element_type=\"section\">\n\t\t\t\t\t\t<div class=\"elementor-container elementor-column-gap-default\">\n\t\t\t\t\t\t\t<div class=\"elementor-row\">\n\t\t\t\t\t<div class=\"elementor-column elementor-col-100 elementor-top-column elementor-element elementor-element-452bd1a\" data-id=\"452bd1a\" data-element_type=\"column\">\n\t\t\t<div class=\"elementor-column-wrap\">\n\t\t\t\t\t\t\t<div class=\"elementor-widget-wrap\">\n\t\t\t\t\t\t\t\t<\/div>\n\t\t\t\t\t<\/div>\n\t\t<\/div>\n\t\t\t\t\t\t\t\t<\/div>\n\t\t\t\t\t<\/div>\n\t\t<\/section>\n\t\t\t\t<section class=\"elementor-section elementor-top-section elementor-element elementor-element-70fad3b elementor-section-boxed elementor-section-height-default elementor-section-height-default\" data-id=\"70fad3b\" data-element_type=\"section\">\n\t\t\t\t\t\t<div class=\"elementor-container elementor-column-gap-default\">\n\t\t\t\t\t\t\t<div class=\"elementor-row\">\n\t\t\t\t\t<div class=\"elementor-column elementor-col-50 elementor-top-column elementor-element elementor-element-1871d90\" data-id=\"1871d90\" data-element_type=\"column\">\n\t\t\t<div class=\"elementor-column-wrap elementor-element-populated\">\n\t\t\t\t\t\t\t<div class=\"elementor-widget-wrap\">\n\t\t\t\t\t\t<div class=\"elementor-element elementor-element-927a69f elementor-widget elementor-widget-text-editor\" data-id=\"927a69f\" data-element_type=\"widget\" data-widget_type=\"text-editor.default\">\n\t\t\t\t<div class=\"elementor-widget-container\">\n\t\t\t\t\t<div class=\"elementor-text-editor elementor-clearfix\"><p class=\"rteBlock\"><strong>L\u00e1minas de Protecci\u00f3n Solar contra el Calor y de Ahorro Energ\u00e9tico<\/strong><\/p><p class=\"rteBlock\">\u2022 Reducen los costes energ\u00e9ticos y permiten aprovechar la luz natural sin las molestias que ello comporta. Reducen hasta un 99 % de la radiaci\u00f3n Ultravioleta y con un ahorro en los gastos de climatizaci\u00f3n hasta un 50%.<\/p><p class=\"rteBlock\">El fen\u00f3meno conocido como efecto invernadero es producido por la entrada de calor y absorbido por las paredes y objetos de un ambiente no aislado atrav\u00e9s \u00a0 de los cristales. Para contraer ese efecto las l\u00e1minas de control solar act\u00faan como un escudo t\u00e9rmico sobre los cristales que dan al exterior. Como resultado de este proceso se aumenta el rendimiento del aire acondicionado y se produce un ahorro energ\u00e9tico de hasta 50% y en invierno aumenta la efectividad de la calefacci\u00f3n hasta un 20% de escape del calor por las ventanas. Existe gran variedad de l\u00e1minas de protecci\u00f3n solar, con una amplia gama de colores y una l\u00ednea para claraboyas y techos acristalados o de policarbonato.<\/p><p>\u00a0<\/p><p class=\"rteBlock\"><strong>L\u00e1minas de Seguridad\u00a0<\/strong><\/p><p class=\"rteBlock\">\u2022 Las l\u00e1minas de seguridad elimina el problema de astillas y vidrios volantes en caso de estallar el cristal, mantienen las piezas fracturadas en su sitio y impiden el desmoronamiento de los cristales rotos.<\/p><p class=\"rteBlock\">Son altamente recomendables en edificios p\u00fablicos, fabricas, casas, oficinas, escaparates, colegios, hospitales, restaurantes, hoteles etc.<\/p><p>\u00a0<\/p><p class=\"rteBlock\"><strong>L\u00e1minas Antigraffiti\u00a0\u00a0<\/strong><\/p><p class=\"rteBlock\">\u2022 Las l\u00e1minas antigraffiti no permite que las puertas y ventanas aparezca pintadas y rayadas de dudoso gusto que dan una sensaci\u00f3n de abandono y que fomentan el vandalismo en su propiedad. Las l\u00e1minas anti-grafiti es un producto sencillo de instalar, resistente, f\u00e1cil de mantener, muy econ\u00f3mico en comparaci\u00f3n con el cambio o el pulido de cristales, y en caso de deterioro es f\u00e1cil de sustituir.<\/p><\/div>\n\t\t\t\t<\/div>\n\t\t\t\t<\/div>\n\t\t\t\t\t\t<\/div>\n\t\t\t\t\t<\/div>\n\t\t<\/div>\n\t\t\t\t<div class=\"elementor-column elementor-col-50 elementor-top-column elementor-element elementor-element-04c7ed1\" data-id=\"04c7ed1\" data-element_type=\"column\">\n\t\t\t<div class=\"elementor-column-wrap elementor-element-populated\">\n\t\t\t\t\t\t\t<div class=\"elementor-widget-wrap\">\n\t\t\t\t\t\t<div class=\"elementor-element elementor-element-1a1aba6 elementor-widget elementor-widget-text-editor\" data-id=\"1a1aba6\" data-element_type=\"widget\" data-widget_type=\"text-editor.default\">\n\t\t\t\t<div class=\"elementor-widget-container\">\n\t\t\t\t\t<div class=\"elementor-text-editor elementor-clearfix\"><p class=\"rteBlock\"><strong>L\u00e1minas \u00a0Antidecoloraci\u00f3n de Escaparates<\/strong><\/p><p class=\"rteBlock\">\u2022 La decoloraci\u00f3n es un gran problema en los escaparates y para los productos expuestos en ellos, las l\u00e1minas contra descoloraci\u00f3n te permite proteger sus productos de los efectos nocivos de los rayos solares. Las l\u00e1minas son invisibles para el p\u00fablico, no alteran los colores ni tienen efecto espejo que impida ver los productos. Son resistentes, f\u00e1ciles de limpiar y en caso de rotura del cristal, mantienen los fragmentos de vidrio unidos evitando el desmoronamiento de la cristalera.<\/p><p>\u00a0<\/p><p class=\"rteBlock\"><strong>Imagen Corporativa, \u00a0y Dise\u00f1o Gr\u00e1fico\u00a0<\/strong><\/p><p class=\"rteBlock\">\u2022 Las l\u00e1minas decorativas permite aprovechar la luz disponible, al mismo tiempo que reduce la visi\u00f3n indiscreta tanto del interior cuanto del exterior, incrementa la intimidad, es una excelente opci\u00f3n \u00a0para oficinas, restaurantes y frente de negocios. Dispone de gran variedad de dise\u00f1os como franjas paralelas de diferentes anchuras, cuadros, rect\u00e1ngulos, nos tonos transl\u00facidos, transparentes y blanca-transparente. Se aplica con sencillez sobre mamparas de vidrios, puertas de cristal y divisiones de interiores de vidrio. Son resistentes, f\u00e1ciles de mantener, limpiar y sustituir.<\/p><p class=\"rteBlock\">\u2022 Los Vinilos Decorativos permiten reproducir cualquier grafismo, presenta una fidelidad del color y se adhieren pr\u00e1cticamente sobre cualquier superficie no porosa tales como: cristales de mamparas, escaparates, stands, etc. Permite ofrecer una imagen comercial y corporativa profesional, elegante y homog\u00e9nea.<\/p><p>\u00a0<\/p><p class=\"rteBlock\"><strong>Restauraci\u00f3n de Cristales<\/strong><\/p><p class=\"rteBlock\">\u2022 La mejor soluci\u00f3n para la eliminaci\u00f3n de ara\u00f1azos, pintadas \u00e1cidas, envejecimiento, salinidad, grafitis, rayones, etc. La restauraci\u00f3n de superficies da\u00f1adas por micropulido y abrillantado del cristal, aplic\u00e1ndolo sin desmontaje de los mismos, volvi\u00e9ndoles todo su brillo y transparencia original. Se recomienda aplicaci\u00f3n de la l\u00e1mina de seguridad \u00a0y anti-grafiti al t\u00e9rmino de la restauraci\u00f3n.<\/p><\/div>\n\t\t\t\t<\/div>\n\t\t\t\t<\/div>\n\t\t\t\t\t\t<\/div>\n\t\t\t\t\t<\/div>\n\t\t<\/div>\n\t\t\t\t\t\t\t\t<\/div>\n\t\t\t\t\t<\/div>\n\t\t<\/section>\n\t\t\t\t\t\t<\/div>\n\t\t\t\t\t\t<\/div>\n\t\t\t\t\t<\/div>\n\t\t","protected":false},"excerpt":{"rendered":"<p>L\u00e1minas de protecci\u00f3n solar L\u00e1minas de control solar, antigraffiti y seguridad. R\u00d3TULOS Y DISE\u00d1O\u00a0es una \u00a0empresa dedicada a Instalaci\u00f3n de L\u00e1minas de Control Solar, Seguridad, L\u00e1minas Antivand\u00e1licas, y \u00a0Antidecoloraci\u00f3n para Escaparates, Edifici\u00f3s, Ofcinas, Naves, Locales, Chalets, Lucernarios, Pisos, Terazas, Techos de cristal, Policarbanatos, Metacrilato, Claraboyas. Vinillos Decorativos y Restauraci\u00f3n de Cristales. Trabajamos con distribuidores \u00a0de [&hellip;]<\/p>\n","protected":false},"author":1,"featured_media":0,"parent":0,"menu_order":0,"comment_status":"closed","ping_status":"closed","template":"","meta":[],"acf":[],"_links":{"self":[{"href":"https:\/\/rotulosydise\u00f1o.es\/home\/wp-json\/wp\/v2\/pages\/1042"}],"collection":[{"href":"https:\/\/rotulosydise\u00f1o.es\/home\/wp-json\/wp\/v2\/pages"}],"about":[{"href":"https:\/\/rotulosydise\u00f1o.es\/home\/wp-json\/wp\/v2\/types\/page"}],"author":[{"embeddable":true,"href":"https:\/\/rotulosydise\u00f1o.es\/home\/wp-json\/wp\/v2\/users\/1"}],"replies":[{"embeddable":true,"href":"https:\/\/rotulosydise\u00f1o.es\/home\/wp-json\/wp\/v2\/comments?post=1042"}],"version-history":[{"count":4,"href":"https:\/\/rotulosydise\u00f1o.es\/home\/wp-json\/wp\/v2\/pages\/1042\/revisions"}],"predecessor-version":[{"id":1051,"href":"https:\/\/rotulosydise\u00f1o.es\/home\/wp-json\/wp\/v2\/pages\/1042\/revisions\/1051"}],"wp:attachment":[{"href":"https:\/\/rotulosydise\u00f1o.es\/home\/wp-json\/wp\/v2\/media?parent=1042"}],"curies":[{"name":"wp","href":"https:\/\/api.w.org\/{rel}","templated":true}]}}